ens digit of 45293?
9
What is the thousands digit of 7939?
7
What is the units digit of 15942?
2
What is the tens digit of 2631?
3
What is the thousands digit of 8388?
8
What is the thousands digit of 1732?
1
What is the units digit of 16638?
8
What is the thousands digit of 3854?
3
What is the hundreds digit of 42670?
6
What is the hundreds digit of 78133?
1
What is the units digit of 16662?
2
What is the ten thousands digit of 180483?
8
What is the units digit of 690?
0
What is the tens digit of 10456?
5
What is the units digit of 366?
6
What is the tens digit of 85?
8
What is the thousands digit of 6501?
6
What is the hundreds digit of 93388?
3
What is the hundreds digit of 598?
5
What is the tens digit of 14706?
0
What is the hundreds digit of 786?
7
What is the thousands digit of 78138?
8
What is the hundreds digit of 43671?
6
What is the tens digit of 89702?
0
What is the units digit of 1918?
8
What is the hundreds digit of 3805?
8
What is the units digit of 99812?
2
What is the hundreds digit of 391?
3
What is the tens digit of 5487?
8
What is the hundreds digit of 104986?
9
What is the units digit of 3602?
2
What is the hundreds digit of 292?
2
What is the tens digit of 1475?
7
What is the hundreds digit of 22125?
1
What is the units digit of 41991?
1
What is the ten thousands digit of 54615?
5
What is the hundreds digit of 754?
7
What is the thousands digit of 2052?
2
What is the hundreds digit of 115813?
8
What is the units digit of 18599?
9
What is the ten thousands digit of 10498?
1
What is the units digit of 36189?
9
What is the hundreds digit of 104128?
1
What is the units digit of 8159?
9
What is the thousands digit of 2892?
2
What is the hundreds digit of 1016?
0
What is the ten thousands digit of 49024?
4
What is the tens digit of 5934?
3
What is the thousands digit of 5760?
5
What is the thousands digit of 2099?
2
What is the thousands digit of 7842?
7
What is the tens digit of 415?
1
What is the ten thousands digit of 130821?
3
What is the units digit of 463?
3
What is the thousands digit of 12551?
2
What is the units digit of 12727?
7
What is the units digit of 180?
0
What is the tens digit of 1033?
3
What is the units digit of 4298?
8
What is the tens digit of 5484?
8
What is the thousands digit of 5157?
5
What is the units digit of 7287?
7
What is the thousands digit of 6339?
6
What is the tens digit of 10341?
4
What is the hundred thousands digit of 145779?
1
What is the units digit of 4119?
9
What is the units digit of 3380?
0
What is the units digit of 146?
6
What is the units digit of 16889?
9
What is the thousands digit of 6911?
6
What is the units digit of 203?
3
What is the thousands digit of 200582?
0
What is the thousands digit of 1728?
1
What is the units digit of 10111?
1
What is the thousands digit of 18125?
8
What is the thousands digit of 1998?
1
What is the tens digit of 1934?
3
What is the hundreds digit of 50875?
8
What is the units digit of 15538?
8
What is the units digit of 5299?
9
What is the tens digit of 494?
9
What is the ten thousands digit of 11822?
1
What is the units digit of 1154?
4
What is the units digit of 97?
7
What is the hundreds digit of 1919?
9
What is the units digit of 911?
1
What is the thousands digit of 26784?
6
What is the thousands digit of 1572?
1
What is the tens digit of 95646?
4
What is the thousands digit of 1496?
1
What is the tens digit of 2206?
0
What is the hundreds digit of 41496?
4
What is the units digit of 332?
2
What is the hundreds digit of 2059?
0
What is the thousands digit of 30336?
0
What is the ten thousands digit of 26823?
2
What is the ten thousands digit of 10066?
1
What is the thousands digit of 31178?
1
What is the ten thousands digit of 83429?
8
What is the thousands digit of 64333?
4
What is the thousands digit of 15636?
5
What is the hundreds digit of 6749?
7
What is the tens digit of 2290?
9
What is the ten thousands digit of 30536?
3
What is the thousands digit of 1621?
1
What is the thousands digit of 5856?
5
What is the hundreds digit of 7960?
9
What is the units digit of 287?
7
What is the ten thousands digit of 66179?
6
What is the thousands digit of 1103?
1
What is the hundreds digit of 10739?
7
What is the tens digit of 4804?
0
What is the hundreds digit of 230?
2
What is the tens digit of 10208?
0
What is the units digit of 17677?
7
What is the thousands digit of 49026?
9
What is the units digit of 21382?
2
What is the thousands digit of 36720?
6
What is the units digit of 28399?
9
What is the hundreds digit of 237?
2
What is the thousands digit of 16021?
6
What is the units digit of 3166?
6
What is the ten thousands digit of 15255?
1
What is the thousands digit of 7077?
7
What is the ten thousands digit of 42479?
4
What is the units digit of 3123?
3
What is the thousands digit of 92583?
2
What is the hundreds digit of 3357?
3
What is the thousands digit of 32061?
2
What is the thousands digit of 4690?
4
What is the units digit of 3557?
7
What is the ten thousands digit of 34490?
3
What is the units digit of 1178?
8
What is the tens digit of 345?
4
What is the units digit of 2090?
0
What is the tens digit of 863?
6
What is the units digit of 91?
1
What is the units digit of 1455?
5
What is the hundreds digit of 24835?
8
What is the units digit of 722?
2
What is the units digit of 65099?
9
What is the hundreds digit of 75858?
8
What is the tens digit of 1224?
2
What is the thousands digit of 23991?
3
What is the thousands digit of 1470?
1
What is the hundreds digit of 6249?
2
What is the tens digit of 534?
3
What is the units digit of 4625?
5
What is the units digit of 13021?
1
What is the tens digit of 4634?
3
What is the units digit of 947?
7
What is the tens digit of 55817?
1
What is the hundreds digit of 712?
7
What is the units digit of 49?
9
What is the thousands digit of 1310?
1
What is the units digit of 909?
9
What is the hundreds digit of 3617?
6
What is the hundreds digit of 31570?
5
What is the units digit of 32717?
7
What is the thousands digit of 31172?
1
What is the units digit of 773?
3
What is the units digit of 61047?
7
What is the thousands digit of 1829?
1
What is the units digit of 102474?
4
What is the tens digit of 366?
6
What is the hundreds digit of 21172?
1
What is the hundreds digit of 16281?
2
What is the units digit of 8071?
1
What is the units digit of 48704?
4
What is the thousands digit of 7852?
7
What is the tens digit of 4693?
9
What is the tens digit of 1924?
2
What is the thousands digit of 17678?
7
What is the units digit of 4749?
9
What is the hundreds digit of 106942?
9
What is the ten thousands digit of 13158?
1
What is the hundred thousands digit of 171851?
1
What is the ten thousands digit of 65125?
6
What is the units digit of 40162?
2
What is the ten thousands digit of 11912?
1
What is the hundreds digit of 79222?
2
What is the ten thousands digit of 22391?
2
What is the ten thousands digit of 21221?
2
What is the tens digit of 22425?
2
What is the units digit of 58507?
7
What is the hundreds digit of 351?
3
What is the hundreds digit of 7788?
7
What is the units digit of 22346?
6
What is the units digit of 1441?
1
What is the hundreds digit of 157?
1
What is the hundreds digit of 607?
6
What is the hundreds digit of 718?
7
What is the tens digit of 1542?
4
What is the hundreds digit of 17547?
5
What is the tens digit of 86575?
7
What is the thousands digit of 31265?
1
What is the hundreds digit of 20392?
3
What is the units digit of 2858?
8
What is the ten thousands digit of 117704?
1
What is the units digit of 655?
5
What is the tens digit of 85343?
4
What is the thousands digit of 1981?
1
What is the units digit of 5096?
6
What is the units digit of 1115?
5
What is the ten thousands digit of 68959?
6
What is the tens digit of 34302?
0
What is the thousands digit of 69941?
9
What is the hundreds digit of 2418?
4
What is the tens digit of 37?
3
What is the hundreds digit of 48033?
0
What is the ten thousands digit of 33654?
3
What is the tens digit of 2777?
7
What is the thousands digit of 7948?
7
What is the tens digit of 49390?
9
What is the hundreds digit of 3543?
5
What is the thousands digit of 1476?
1
What is the tens digit of 43953?
5
What is the ten thousands digit of 104110?
0
What is 